{"id":12899,"date":"2017-06-12T13:55:42","date_gmt":"2017-06-12T13:55:42","guid":{"rendered":"http:\/\/alj.corp.staging.omniaconnect.net\/es\/media-center\/press-packs\/"},"modified":"2019-12-08T11:44:41","modified_gmt":"2019-12-08T11:44:41","slug":"press-packs","status":"publish","type":"page","link":"https:\/\/alj.com\/es\/media-center\/press-packs\/","title":{"rendered":"Dosieres de Prensa"},"content":{"rendered":"<h4>Todos los dosieres de prensa oficiales de Abdul Latif Jameel para eventos corporativos est\u00e1n disponibles aqu\u00ed para su descarga, visualizaci\u00f3n y b\u00fasqueda.<\/h4>\n","protected":false},"excerpt":{"rendered":"<p>Todos los dosieres de prensa oficiales de Abdul Latif Jameel para eventos corporativos est\u00e1n disponibles aqu\u00ed para su descarga, visualizaci\u00f3n y b\u00fasqueda.<\/p>\n","protected":false},"author":14,"featured_media":3147,"parent":12869,"menu_order":19,"comment_status":"closed","ping_status":"closed","template":"page-templates\/press-pack.php","meta":{"footnotes":""},"categories":[],"acf":[],"yoast_head":"<!-- This site is optimized with the Yoast SEO plugin v21.5 - https:\/\/yoast.com\/wordpress\/plugins\/seo\/ -->\n<title>Paquetes de prensa para eventos corporativos | Abdul Latif Jameel\u00ae<\/title>\n<meta name=\"description\" content=\"El paquete de prensa de empresa de Abdul Latif Jameel est\u00e1 dise\u00f1ado para ayudar a los periodistas a investigar nuestra compa\u00f1\u00eda para obtener informaci\u00f3n de fondo o historias de seguimiento.\" \/>\n<meta name=\"robots\" content=\"index, follow, max-snippet:-1, max-image-preview:large, max-video-preview:-1\" \/>\n<link rel=\"canonical\" href=\"https:\/\/alj.com\/es\/media-center\/press-packs\/\" \/>\n<meta property=\"og:locale\" content=\"es_ES\" \/>\n<meta property=\"og:type\" content=\"article\" \/>\n<meta property=\"og:title\" content=\"Paquetes de prensa para eventos corporativos | Abdul Latif Jameel\u00ae\" \/>\n<meta property=\"og:description\" content=\"El paquete de prensa de empresa de Abdul Latif Jameel est\u00e1 dise\u00f1ado para ayudar a los periodistas a investigar nuestra compa\u00f1\u00eda para obtener informaci\u00f3n de fondo o historias de seguimiento.\" \/>\n<meta property=\"og:url\" content=\"https:\/\/alj.com\/es\/media-center\/press-packs\/\" \/>\n<meta property=\"og:site_name\" content=\"Abdul Latif Jameel\" \/>\n<meta property=\"article:publisher\" content=\"https:\/\/www.facebook.com\/Abdul.Latif.Jameel.Official\" \/>\n<meta property=\"article:modified_time\" content=\"2019-12-08T11:44:41+00:00\" \/>\n<meta property=\"og:image\" content=\"https:\/\/media.alj.com\/app\/uploads\/2016\/10\/Terms_Slider.jpg\" \/>\n\t<meta property=\"og:image:width\" content=\"1297\" \/>\n\t<meta property=\"og:image:height\" content=\"621\" \/>\n\t<meta property=\"og:image:type\" content=\"image\/jpeg\" \/>\n<meta name=\"twitter:card\" content=\"summary_large_image\" \/>\n<script type=\"application\/ld+json\" class=\"yoast-schema-graph\">{\"@context\":\"https:\/\/schema.org\",\"@graph\":[{\"@type\":\"WebPage\",\"@id\":\"https:\/\/alj.com\/es\/media-center\/press-packs\/\",\"url\":\"https:\/\/alj.com\/es\/media-center\/press-packs\/\",\"name\":\"Paquetes de prensa para eventos corporativos | Abdul Latif Jameel\u00ae\",\"isPartOf\":{\"@id\":\"https:\/\/alj.com\/en\/#website\"},\"datePublished\":\"2017-06-12T13:55:42+00:00\",\"dateModified\":\"2019-12-08T11:44:41+00:00\",\"description\":\"El paquete de prensa de empresa de Abdul Latif Jameel est\u00e1 dise\u00f1ado para ayudar a los periodistas a investigar nuestra compa\u00f1\u00eda para obtener informaci\u00f3n de fondo o historias de seguimiento.\",\"breadcrumb\":{\"@id\":\"https:\/\/alj.com\/es\/media-center\/press-packs\/#breadcrumb\"},\"inLanguage\":\"es-ES\",\"potentialAction\":[{\"@type\":\"ReadAction\",\"target\":[\"https:\/\/alj.com\/es\/media-center\/press-packs\/\"]}]},{\"@type\":\"BreadcrumbList\",\"@id\":\"https:\/\/alj.com\/es\/media-center\/press-packs\/#breadcrumb\",\"itemListElement\":[{\"@type\":\"ListItem\",\"position\":1,\"name\":\"Home\",\"item\":\"https:\/\/alj.com\/es\/\"},{\"@type\":\"ListItem\",\"position\":2,\"name\":\"Media Center\",\"item\":\"https:\/\/alj.com\/es\/media-center\/\"},{\"@type\":\"ListItem\",\"position\":3,\"name\":\"Dosieres de Prensa\"}]},{\"@type\":\"WebSite\",\"@id\":\"https:\/\/alj.com\/en\/#website\",\"url\":\"https:\/\/alj.com\/en\/\",\"name\":\"Abdul Latif Jameel\",\"description\":\"Abdul Latif Jameel\",\"potentialAction\":[{\"@type\":\"SearchAction\",\"target\":{\"@type\":\"EntryPoint\",\"urlTemplate\":\"https:\/\/alj.com\/en\/?s={search_term_string}\"},\"query-input\":\"required name=search_term_string\"}],\"inLanguage\":\"es-ES\"}]}<\/script>\n<!-- \/ Yoast SEO plugin. -->","yoast_head_json":{"title":"Paquetes de prensa para eventos corporativos | Abdul Latif Jameel\u00ae","description":"El paquete de prensa de empresa de Abdul Latif Jameel est\u00e1 dise\u00f1ado para ayudar a los periodistas a investigar nuestra compa\u00f1\u00eda para obtener informaci\u00f3n de fondo o historias de seguimiento.","robots":{"index":"index","follow":"follow","max-snippet":"max-snippet:-1","max-image-preview":"max-image-preview:large","max-video-preview":"max-video-preview:-1"},"canonical":"https:\/\/alj.com\/es\/media-center\/press-packs\/","og_locale":"es_ES","og_type":"article","og_title":"Paquetes de prensa para eventos corporativos | Abdul Latif Jameel\u00ae","og_description":"El paquete de prensa de empresa de Abdul Latif Jameel est\u00e1 dise\u00f1ado para ayudar a los periodistas a investigar nuestra compa\u00f1\u00eda para obtener informaci\u00f3n de fondo o historias de seguimiento.","og_url":"https:\/\/alj.com\/es\/media-center\/press-packs\/","og_site_name":"Abdul Latif Jameel","article_publisher":"https:\/\/www.facebook.com\/Abdul.Latif.Jameel.Official","article_modified_time":"2019-12-08T11:44:41+00:00","og_image":[{"width":1297,"height":621,"url":"https:\/\/media.alj.com\/app\/uploads\/2016\/10\/Terms_Slider.jpg","type":"image\/jpeg"}],"twitter_card":"summary_large_image","schema":{"@context":"https:\/\/schema.org","@graph":[{"@type":"WebPage","@id":"https:\/\/alj.com\/es\/media-center\/press-packs\/","url":"https:\/\/alj.com\/es\/media-center\/press-packs\/","name":"Paquetes de prensa para eventos corporativos | Abdul Latif Jameel\u00ae","isPartOf":{"@id":"https:\/\/alj.com\/en\/#website"},"datePublished":"2017-06-12T13:55:42+00:00","dateModified":"2019-12-08T11:44:41+00:00","description":"El paquete de prensa de empresa de Abdul Latif Jameel est\u00e1 dise\u00f1ado para ayudar a los periodistas a investigar nuestra compa\u00f1\u00eda para obtener informaci\u00f3n de fondo o historias de seguimiento.","breadcrumb":{"@id":"https:\/\/alj.com\/es\/media-center\/press-packs\/#breadcrumb"},"inLanguage":"es-ES","potentialAction":[{"@type":"ReadAction","target":["https:\/\/alj.com\/es\/media-center\/press-packs\/"]}]},{"@type":"BreadcrumbList","@id":"https:\/\/alj.com\/es\/media-center\/press-packs\/#breadcrumb","itemListElement":[{"@type":"ListItem","position":1,"name":"Home","item":"https:\/\/alj.com\/es\/"},{"@type":"ListItem","position":2,"name":"Media Center","item":"https:\/\/alj.com\/es\/media-center\/"},{"@type":"ListItem","position":3,"name":"Dosieres de Prensa"}]},{"@type":"WebSite","@id":"https:\/\/alj.com\/en\/#website","url":"https:\/\/alj.com\/en\/","name":"Abdul Latif Jameel","description":"Abdul Latif Jameel","potentialAction":[{"@type":"SearchAction","target":{"@type":"EntryPoint","urlTemplate":"https:\/\/alj.com\/en\/?s={search_term_string}"},"query-input":"required name=search_term_string"}],"inLanguage":"es-ES"}]}},"_links":{"self":[{"href":"https:\/\/alj.com\/es\/wp-json\/wp\/v2\/pages\/12899"}],"collection":[{"href":"https:\/\/alj.com\/es\/wp-json\/wp\/v2\/pages"}],"about":[{"href":"https:\/\/alj.com\/es\/wp-json\/wp\/v2\/types\/page"}],"author":[{"embeddable":true,"href":"https:\/\/alj.com\/es\/wp-json\/wp\/v2\/users\/14"}],"replies":[{"embeddable":true,"href":"https:\/\/alj.com\/es\/wp-json\/wp\/v2\/comments?post=12899"}],"version-history":[{"count":0,"href":"https:\/\/alj.com\/es\/wp-json\/wp\/v2\/pages\/12899\/revisions"}],"up":[{"embeddable":true,"href":"https:\/\/alj.com\/es\/wp-json\/wp\/v2\/pages\/12869"}],"wp:featuredmedia":[{"embeddable":true,"href":"https:\/\/alj.com\/es\/wp-json\/wp\/v2\/media\/3147"}],"wp:attachment":[{"href":"https:\/\/alj.com\/es\/wp-json\/wp\/v2\/media?parent=12899"}],"wp:term":[{"taxonomy":"category","embeddable":true,"href":"https:\/\/alj.com\/es\/wp-json\/wp\/v2\/categories?post=12899"}],"curies":[{"name":"wp","href":"https:\/\/api.w.org\/{rel}","templated":true}]}}

<h4>Todos los dosieres de prensa oficiales de Abdul Latif Jameel para eventos corporativos están disponibles aquí para su descarga, visualización y búsqueda.</h4>

<p>Todos los dosieres de prensa oficiales de Abdul Latif Jameel para eventos corporativos están disponibles aquí para su descarga, visualización y búsqueda.</p>

<!-- This site is optimized with the Yoast SEO plugin v21.5 - https://yoast.com/wordpress/plugins/seo/ -->
<title>Paquetes de prensa para eventos corporativos | Abdul Latif Jameel®</title>
<meta name="description" content="El paquete de prensa de empresa de Abdul Latif Jameel está diseñado para ayudar a los periodistas a investigar nuestra compañía para obtener información de fondo o historias de seguimiento." />
<meta name="robots" content="index, follow, max-snippet:-1, max-image-preview:large, max-video-preview:-1" />
<link rel="canonical" href="https://alj.com/es/media-center/press-packs/" />
<meta property="og:locale" content="es_ES" />
<meta property="og:type" content="article" />
<meta property="og:title" content="Paquetes de prensa para eventos corporativos | Abdul Latif Jameel®" />
<meta property="og:description" content="El paquete de prensa de empresa de Abdul Latif Jameel está diseñado para ayudar a los periodistas a investigar nuestra compañía para obtener información de fondo o historias de seguimiento." />
<meta property="og:url" content="https://alj.com/es/media-center/press-packs/" />
<meta property="og:site_name" content="Abdul Latif Jameel" />
<meta property="article:publisher" content="https://www.facebook.com/Abdul.Latif.Jameel.Official" />
<meta property="article:modified_time" content="2019-12-08T11:44:41+00:00" />
<meta property="og:image" content="https://media.alj.com/app/uploads/2016/10/Terms_Slider.jpg" />
	<meta property="og:image:width" content="1297" />
	<meta property="og:image:height" content="621" />
	<meta property="og:image:type" content="image/jpeg" />
<meta name="twitter:card" content="summary_large_image" />
<script type="application/ld+json" class="yoast-schema-graph">{"@context":"https://schema.org","@graph":[{"@type":"WebPage","@id":"https://alj.com/es/media-center/press-packs/","url":"https://alj.com/es/media-center/press-packs/","name":"Paquetes de prensa para eventos corporativos | Abdul Latif Jameel®","isPartOf":{"@id":"https://alj.com/en/#website"},"datePublished":"2017-06-12T13:55:42+00:00","dateModified":"2019-12-08T11:44:41+00:00","description":"El paquete de prensa de empresa de Abdul Latif Jameel está diseñado para ayudar a los periodistas a investigar nuestra compañía para obtener información de fondo o historias de seguimiento.","breadcrumb":{"@id":"https://alj.com/es/media-center/press-packs/#breadcrumb"},"inLanguage":"es-ES","potentialAction":[{"@type":"ReadAction","target":["https://alj.com/es/media-center/press-packs/"]}]},{"@type":"BreadcrumbList","@id":"https://alj.com/es/media-center/press-packs/#breadcrumb","itemListElement":[{"@type":"ListItem","position":1,"name":"Home","item":"https://alj.com/es/"},{"@type":"ListItem","position":2,"name":"Media Center","item":"https://alj.com/es/media-center/"},{"@type":"ListItem","position":3,"name":"Dosieres de Prensa"}]},{"@type":"WebSite","@id":"https://alj.com/en/#website","url":"https://alj.com/en/","name":"Abdul Latif Jameel","description":"Abdul Latif Jameel","potentialAction":[{"@type":"SearchAction","target":{"@type":"EntryPoint","urlTemplate":"https://alj.com/en/?s={search_term_string}"},"query-input":"required name=search_term_string"}],"inLanguage":"es-ES"}]}</script>
<!-- / Yoast SEO plugin. -->

El paquete de prensa de empresa de Abdul Latif Jameel está diseñado para ayudar a los periodistas a investigar nuestra compañía para obtener información de fondo o historias de seguimiento.
